 highest common divisor of u and o?
1
Let t(o) = -5*o + 46. Let q be t(8). Calculate the highest common factor of q and 24.
6
Let y be ((-27)/6)/(6/(-8)). Let f = -3 + 2. Let i = y - f. Calculate the highest common factor of 77 and i.
7
Let h be 6/4*(2 - 0). Let k be (-15)/(-2)*(h - 1). Let s(u) = 7*u + 1. Let a be s(2). Calculate the highest common factor of k and a.
15
Let r be -2 - (-4)/(-2) - 2. Let x(g) = -16*g - 6. Let z be x(r). What is the greatest common divisor of z and 10?
10
Let s = 0 + -2. Let q = s - -1. Let n be (-6 - -2)/q + 1. What is the highest common divisor of n and 40?
5
Let w(p) = -p**3 + 12*p**2 - 12*p + 27. Let o be w(11). What is the greatest common factor of 40 and o?
8
Let m(s) = 4*s**2 - s + 1. Let h be m(1). Let j = -2 + h. Let t be j/(3*(-1)/(-36)). What is the highest common factor of 36 and t?
12
Suppose -54 = -4*l + 46. Suppose l = 4*y - 7. What is the greatest common factor of 8 and y?
8
Suppose 10 - 34 = -f. Suppose -3*a + a = 2*o, 2*a - 4*o - f = 0. Suppose -a*w + 11 = -3*w. Calculate the highest common divisor of 44 and w.
11
Suppose -78 - 42 = -4*z. Let n be 1*-2 + 0 + 52. Suppose -4*m = -9*m + n. Calculate the highest common divisor of m and z.
10
Let f be (-21)/(-14) + (65/(-2))/(-5). What is the greatest common divisor of 16 and f?
8
Let p = 600 + -119. Let m = p + 70. Suppose 153 = 4*t - m. What is the greatest common factor of t and 16?
16
Let s(f) = -f**2 - f + 5. Let a be s(-4). Let h = a - -6. Let m be -2 + 3 - (h - -1). What is the highest common divisor of m and 1?
1
Suppose -11*c = -13*c + 48. Suppose 2*k + 2*j = c, 5*j - 28 = -3*k - 0*k. Let o(m) = -21*m - 2. Let f be o(-2). Calculate the highest common factor of f and k.
8
Suppose -166 = c - 4*c - 5*o, 3*o = -3. Let j be (2/(-3))/((-2)/c). What is the highest common factor of 209 and j?
19
Let x(a) = 14*a**3 + a**2. Let c be x(1). Let y(b) = 16*b + 24. Let r be y(6). Calculate the highest common factor of c and r.
15
Let v be 8*(0 - 14/(-4)). Suppose 0*p = -s - p + 1, -p + 5 = 2*s. Suppose 0 = s*h - v. Calculate the greatest common factor of 35 and h.
7
Let h = 5 + -9. Let k be 6/((-1)/(h/3)). Let v(a) = 6*a - 6. Let p be v(k). Calculate the greatest common factor of 6 and p.
6
Suppose 0 = -q + s + 1, -q + 0*s = -2*s + 4. Suppose -4*j - 8 = -q*j. Suppose 5*a - 5 = -5*x, -x + 2*a + 4 = 3. What is the greatest common factor of x and j?
1
Let z(v) = v**2 + 6*v - 14. Let f be z(3). Let j be 1/(-2) + 109/(-2). Let a = 36 - j. What is the highest common factor of f and a?
13
Suppose -2*b - 5 = -3*n, 0*b - 21 = -3*b - 5*n. Let v(q) = 3*q + 2*q**2 + 2 + 2*q**b - q**2. Let g be v(-3). What is the highest common divisor of 10 and g?
10
Let c = 33 + 84. Let w be 7/(-28) + (-53)/(-4). Calculate the highest common factor of w and c.
13
Let b(f) = -3*f - 5*f**2 + 4*f**2 - 5 + 2*f**2 - 5. Let p be b(-10). What is the greatest common factor of p and 15?
15
Let l = 121 - 85. Suppose -3*a - 2*p = -l, -a + 6 + 5 = p. What is the greatest common factor of a and 56?
14
Suppose 5*q - 13 = 2*d - 185, -5*d = -q - 453. Calculate the highest common factor of 26 and d.
13
Let p(i) = -11*i**2 - 33*i - 37. Let q(c) = -4*c**2 - 11*c - 12. Let z(j) = -3*p(j) + 8*q(j). Let v be z(-10). Calculate the greatest common factor of 10 and v.
5
Let p be (-6)/(-10) - (-784)/10. Suppose -5*m = -31 - p. Suppose -2*b + 29 = -3*q, -3*q = -4*b + 3*b + m. Calculate the greatest common divisor of 14 and b.
7
Let h(x) = -4*x - 55. Let n be h(-16). Calculate the greatest common factor of n and 12.
3
Let l = -17 + 24. What is the greatest common divisor of l and 21?
7
Let n = 756 - 299. Let o = n - 270. What is the highest common factor of 17 and o?
17
Let k(x) = x + 2. Let j(r) = r + 1. Let b be j(-2). Let t = b + 3. Let f be k(t). Calculate the highest common factor of f and 44.
4
Let g be 4/12 - (-17)/3. What is the highest common divisor of g and 42?
6
Suppose 0 = -41*u + 46*u - 25. What is the highest common divisor of u and 55?
5
Let k(i) = i**2 + 1. Let n be k(1). Suppose n*s - 3*s + 15 = 0. Suppose 0 = -4*x - x + s. What is the highest common factor of 24 and x?
3
Let k(w) = -w**3 - 7*w**2 + 8*w + 3. Let v be k(-8). Let s be 4/(-16) + 17/4. Suppose -i - 63 = -s*i. What is the highest common divisor of v and i?
3
Let u be -5*-12*(-2)/(-15). Suppose 8 = 4*p - u. What is the greatest common divisor of p and 36?
4
Suppose 0*p = p. Suppose p = -0*j + 2*j - 8. Suppose -m = j*m - 85. Calculate the greatest common factor of m and 17.
17
Suppose 12 + 48 = 6*k. Calculate the greatest common divisor of k and 70.
10
Suppose -v + 15 = m, -89 = -5*v + 3*m + 18. Calculate the greatest common factor of 209 and v.
19
Let r be (7 - 9) + (-6)/(-2). Calculate the highest common divisor of r and 10.
1
Let n(l) be the second derivative of -l**4/12 - 13*l**3/6 + 5*l**2/2 - l. Let h be n(-13). Calculate the greatest common factor of 40 and h.
5
Let v = 33 + -4. Let p = v + -17. Calculate the greatest common factor of p and 96.
12
Let q(o) = o**2 - 7*o - 7. Let h be q(8). Let l = 4 - h. Calculate the highest common divisor of 3 and l.
3
Let s be 2 - 1 - 12/2. Let n(o) = -o + 14. Let y be n(5). Let b = y + s. What is the greatest common factor of b and 12?
4
Let x(c) = -9*c**3 + c**2 + 4*c + 1. Let r be x(-2). Calculate the greatest common factor of r and 46.
23
Suppose 0*x = -3*x + 57. Calculate the highest common divisor of 95 and x.
19
Suppose 3*t - 17 = -2*q, -2*t - 3*q + 8*q + 43 = 0. Calculate the greatest common factor of 6 and t.
3
Let z(b) = b**3 + 8*b**2 + 6*b - 4. Let t be z(-7). Suppose 2*k - 37 = -v + 73, 170 = t*k + 4*v. Calculate the greatest common divisor of k and 36.
18
Let v be (-475)/2*4/(-5). Let c(w) = 2*w**2 + 3*w - 1. Let o be c(-4). What is the highest common divisor of v and o?
19
Let u(p) = -2*p**2 - 6*p + 4*p - 7*p - 5*p**2 + 9 + p**3. Let j be u(8). Let m be 21 + j*(-1)/(-1). Calculate the highest common factor of m and 33.
11
Suppose i + 7 = y + 2*i, -5*y + 4*i + 8 = 0. Let t(c) = -c**3 + 5*c**2 - 2*c + 6. Let f be t(y). What is the highest common factor of 14 and f?
14
Let d be (46/(-3))/(2/(-3)). Let w be (-4)/22 - ((-8355)/(-11))/(-3). What is the highest common factor of d and w?
23
Let r = 4 + -6. Let c be 6/r + 5*9. Let m be (1/(-2))/(2/(-112)). Calculate the greatest common factor of m and c.
14
Let q(b) = -5*b**3 - b + 2. Let n be q(-2). Suppose h + n = 3*i, 2*i + 2*h - 1 = 31. Suppose 4*u - 93 - i = 0. What is the highest common factor of u and 18?
9
Let j(w) = w**3 - 5*w**2 + 2. Let x be j(2). Let b = 0 - x. Let g = 17 - b. What is the greatest common divisor of 35 and g?
7
Let j = -3 + -7. Let p = j - -122. Calculate the greatest common factor of p and 16.
16
Let k(j) = 7*j**2 + 2. Let u be k(2). Calculate the greatest common divisor of u and 60.
30
Let r be (1 - -2)*12/9. Suppose -21 = 2*p + 5*i, 7*p = 2*p - r*i - 44. Let f be (9/(-12))/(2/p). Calculate the highest common factor of 9 and f.
3
Let b = 7 - 5. Let j be 6 + -8 - b/(-1). Suppose 0 = -2*k - j + 8. What is the highest common factor of k and 4?
4
Suppose k + x - 11 = 6, -3*x + 63 = 4*k. Let d be -3 - -2*10/4. Suppose 3*l - 142 = d. What is the highest common factor of k and l?
12
Let k be (-4)/14 + (-300)/(-21). Let h = k + 6. What is the greatest common divisor of 220 and h?
20
Let f = 534 + -438. Let y(k) = -5*k - 6. Let g be y(-6). Calculate the greatest common factor of f and g.
24
Suppose 4 = x - 2*x. Let l be 13/2 - 2/x. Let b = 27 - 20. What is the greatest common factor of b and l?
7
Let h be (-15 - -3)*(-4 - 2*-1). What is the greatest common factor of 36 and h?
12
Suppose -2*w - o + 2*o + 57 = 0, -w - o = -27. Calculate the highest common divisor of 56 and w.
28
Suppose 0 = 30*d - 32*d + 72. What is the highest common divisor of 18 and d?
18
Suppose -4*n = -32 - 20. Let k(t) = 131*t - 1. Let r be k(1). Calculate the highest common divisor of n and r.
13
Let i = -74 - -107. Let j be ((4 + -1)/(-1))/(-1). What is the highest common divisor of i and j?
3
Let u be (0/2)/(-3) - -1. Calculate the greatest common factor of 5 and u.
1
Let l(q) be the first derivative of -9*q**2/2 + 1. Suppose 3*c - 6 = -9. Let v be l(c). Calculate the greatest common divisor of 54 and v.
9
Suppose -12*v = -1949 + 389. C